factors of b.
2
Let s(h) = h + 45. What are the prime factors of s(-14)?
31
Suppose -114 = -4*y + 82. List the prime factors of y.
7
Suppose h - 90 = 2*l, 4*l + l - 153 = -2*h. Suppose 64 + h = 4*r. Suppose 3*b + 2*i + 10 = r, -5*b + 3*i + 26 = 0. List the prime factors of b.
7
Suppose -5*z + 262 = -4*y - 37, 0 = -4*z - 5*y + 272. Suppose -5*n + 17 + z = -5*t, -n = t - 14. What are the prime factors of n?
3, 5
Suppose 17 = z - k - 24, -2*z + 4*k = -88. List the prime factors of z.
2, 19
Let f = 8 + 2. List the prime factors of f.
2, 5
Let l = 39 - 79. List the prime factors of (1 + 3)*-1 - l.
2, 3
Let q be 154/(-8) + 32/128. Suppose 2 = -k, 0*y + y + 3*k + 45 = 0. Let f = q - y. List the prime factors of f.
2, 5
Suppose -7 - 13 = -5*p, -5*p = -2*a - 14. Let w be 2 + -5 + (1 - 2). List the prime factors of 3/(-1*a) - w.
3
Suppose 5*k - k - 28 = 0. Let d = k + 10. What are the prime factors of d?
17
Suppose 2 + 5 = 3*o - 2*z, -4*o = z - 24. Let u = o + 4. What are the prime factors of u?
3
Let r(d) be the second derivative of -d**4/12 + 5*d**3/6 - 2*d**2 + d. Let h be r(6). Let o = 14 + h. What are the prime factors of o?
2
Suppose q - 4*o = 83, 3*o = 4*q + o - 290. What are the prime factors of q?
71
Suppose 7*x - 2*x = -75. List the prime factors of (-129)/x - (-4)/10.
3
Suppose -5*o + 65 = -435. Suppose -2*x + 4*n + 18 - 2 = 0, 0 = 5*x + 5*n - o. List the prime factors of x.
2
Suppose 4*c - 233 = 191. List the prime factors of c.
2, 53
Let m(z) = -z**2 + 5. Let h be m(4). Let r = h + 15. Let q = r - -7. What are the prime factors of q?
11
Suppose 70 = -3*l + 193. Suppose 0 = -4*f + 19 + l. List the prime factors of f.
3, 5
Let o be 36 + (-2 - (-1 + 0)). Let m = -1 + 6. Suppose -3*c + m*k = -0*c - o, k = -5*c + 21. List the prime factors of c.
5
Suppose 0*t = 3*t - 6. Suppose 9 = g - 2*c, -c = g - 17 + t. What are the prime factors of g?
13
Let p(g) = -g**2 - 5*g - 2. Let f = 1 + -1. Suppose a = -f*a - 3. List the prime factors of p(a).
2
Suppose -7*s + 0*s + 1078 = 0. What are the prime factors of s?
2, 7, 11
Suppose -3*i - 33 + 12 = 0. Let c = 24 + i. Suppose -z = -2*z - 5*m - c, 3*z + 3*m + 3 = 0. What are the prime factors of z?
3
List the prime factors of 0 - 5/(10/(-78)).
3, 13
Suppose 0 = -2*x + 14 + 162. What are the prime factors of x?
2, 11
Let o(x) = x**3 - x**2 + 1. Let q be o(1). List the prime factors of -1 - (-1 + q) - -9.
2
Suppose 0 = -13*i + 12*i + 246. List the prime factors of i.
2, 3, 41
Let r = -69 - -144. List the prime factors of r.
3, 5
Let o(u) = -8*u**3 - 2*u**2 + u. Let i be o(1). Let t be (-3 + 1)*3/(-2)*-5. Let x = i - t. What are the prime factors of x?
2, 3
Let v(l) = -20*l**3 - l**2 - l - 1. Suppose 6*j - 9*j = 3. What are the prime factors of v(j)?
19
Let s = -13 + 1. Let q = -2 - s. List the prime factors of q.
2, 5
What are the prime factors of (-493)/(-6) - (-16)/(-96)?
2, 41
Let l be -1 - -3 - -32 - 2. Let p = -10 + l. What are the prime factors of p?
2, 11
List the prime factors of 1086/4*(184/24 + -7).
181
Let u(f) = -11*f + 6. Let l be u(-8). Suppose -3*j - 25 = -l. List the prime factors of j.
23
Suppose -179 = 8*t - 1131. List the prime factors of t.
7, 17
List the prime factors of (-6386)/(-30) + (-11)/((-495)/6).
3, 71
Let m = 13 + -9. Suppose -32 = -m*l - 12. Let g = l - 0. List the prime factors of g.
5
Let f be (-78)/(-14) - 30/(-70). Suppose -f*w + w = -110. What are the prime factors of w?
2, 11
Let b be (-6)/1*(-2 + 3). Let q(g) = g**2 + 2*g + 3. Let u be q(b). Let s = u - 14. What are the prime factors of s?
13
Let x = -4 + 10. Suppose -3*f + 1 + x = 5*w, 2*w = -3*f + 19. What are the prime factors of f?
3
Let q(r) = -4*r - 2. Let i be q(-2). Let v = -4 + i. Suppose 51 = 3*d + v*l, l = 2*d + 4*l - 39. List the prime factors of d.
3, 5
Suppose 0 = -5*b + 2*n - n + 1596, 0 = b - 5*n - 324. List the prime factors of b.
11, 29
Let y(f) = -2*f. Let w be y(-7). Suppose 0*m = -m + w. List the prime factors of m.
2, 7
Suppose -80 + 95 = 3*h. List the prime factors of h.
5
Let j(a) be the third derivative of a**5/60 - a**4/3 - 3*a**2. What are the prime factors of j(9)?
3
Suppose 5*w - 141 = 49. List the prime factors of w.
2, 19
Suppose 2*g + 10 = 0, -5*d + 6 = -2*g - 14. Suppose -d*z + 33 = 2*t - 21, -4*z + 94 = -3*t. List the prime factors of z.
5
Suppose 4*t + 20 = 0, -2*p - 3*t - 33 = p. Let f = p - -6. Suppose f = -4*h - d + 89, -d = -2*d + 1. What are the prime factors of h?
2, 11
List the prime factors of 204/21*(-28)/(-8).
2, 17
Suppose 3*s = 0, s + 24 = 4*x - 3*s. List the prime factors of x.
2, 3
Let q(l) = 4*l + 17. What are the prime factors of q(6)?
41
Suppose -10*b + 1750 = -3*b. List the prime factors of b.
2, 5
List the prime factors of ((-136)/(-28))/((-2)/(-28)).
2, 17
Let a(c) = -c**3 + 8*c**2 - 2*c + 2. Let g be a(7). Suppose -5*j - g = 4*o, j + 14 = -3*j + 2*o. Let n = j + 14. What are the prime factors of n?
3
Let n be 2/(-7) - (-207)/63. Suppose -n*h - 56 = -7*h. List the prime factors of h.
2, 7
Let z(q) = 18*q**2 - 1. Let a(m) = m**2 + 3*m - 3. Let x be a(-4). List the prime factors of z(x).
17
Suppose q = 5 - 2. Suppose q*g - 2*g = 7. What are the prime factors of g?
7
Let v = 2 + 0. Let o be (-8)/(-10)*15/2. Suppose v*w = o + 18. What are the prime factors of w?
2, 3
Let t(a) = 56*a**2 + 2*a + 2. List the prime factors of t(-1).
2, 7
Suppose -40 = -b - 4*b - 3*m, -b + 4*m - 15 = 0. Let q = b + 29. List the prime factors of q.
2, 17
Suppose -1 + 10 = 3*d. Suppose -n - d*i + 2 + 1 = 0, 4*n - 28 = 4*i. List the prime factors of n.
2, 3
Let d be 2/(1/(-8)*-4). Let v = 14 + -4. Let t = v - d. What are the prime factors of t?
2, 3
Let k(o) = -o + 5. Let m(w) = -w - 9. Let i(c) = c**3 + 3*c**2 + 2*c + 1. Let h be i(-3). Let y be m(h). What are the prime factors of k(y)?
3
Let q(y) be the third derivative of -y**4/12 - 3*y**3/2 + 4*y**2. List the prime factors of q(-7).
5
Let m be (3/(-2))/((-6)/8). Suppose -6 = -4*l - 2*i - 0*i, 0 = m*l - 4*i - 28. List the prime factors of 18/l*(-4)/(-6).
3
Let g = 166 + -84. Let h = -43 + g. What are the prime factors of h?
3, 13
Let g be (0/((-6)/(-3)))/(-1). Let h(o) = -o**2 + 5*o + 6. Let z be h(6). Suppose -s + z*s + 14 = g. List the prime factors of s.
2, 7
Suppose 3*l = -5*t + 682, 0*t - 5*l + 132 = t. What are the prime factors of t?
137
Let t = 15 + 9. Let l = t - 3. List the prime factors of l.
3, 7
Suppose -4*o - 5*w = 37, -3*w + 26 = -2*o - 7*w. List the prime factors of (14/o)/((-3)/9).
2, 7
Let b(l) = l**3 - 7*l**2 + 9*l - 8. Let q be b(6). Let r = 0 + q. List the prime factors of r.
2, 5
Suppose -81 = -3*z + 9. List the prime factors of z.
2, 3, 5
Let w = 7 + -2. Let a(q) be the first derivative of q**2 - 1. What are the prime factors of a(w)?
2, 5
Suppose 0 = -5*w + 3*y + 85, -3*y + 110 = 5*w - y. List the prime factors of w.
2, 5
Let n be 26/6 + (-8)/(-12). Suppose n*z - 25 - 30 = 0. What are the prime factors of z?
11
Suppose 0*s + 6 = 2*s. Let i(k) = -k - 2. Let d be i(-6). Suppose 3*h + 0*h - 15 = -s*b, -d*h - 16 = 0. What are the prime factors of b?
3
What are the prime factors of (-107)/(-7) + 2/(-7)?
3, 5
Suppose 4*d = 1 + 7. Suppose -d*b + 17 + 11 = 0. What are the prime factors of b?
2, 7
List the prime factors of (-66)/(-8) - (-5)/(-20).
2
Suppose -2 = -g + 9. Let s = -9 + g. What are the prime factors of s?
2
Let n(p) = p**2 - 5*p + 6. Let y be n(4). Suppose -y*k + k + 3 = 0. What are the prime factors of k?
3
Suppose -3*i + 5*q + 56 = 0, -q - 21 = -i + 3*q. What are the prime factors of i?
17
Let o be (-2412)/(-20) - (-6)/(-10). Suppose 0*i - 4*i = -o. List the prime factors of i.
2, 3, 5
Let a(b) = -b**3 + 8*b**2 + b - 4. Let v be a(8). Suppose -3*z = z - 12. What are the prime factors of 3*(v/z - -2)?
2, 5
Let p = -166 + 271. Let d be 8/10*p/(-6). Let c = -8 - d. What are the prime factors of c?
2, 3
Let f(r) = -2*r - 2*r**2 - 2 - 3*r**2 - r**3 + 3. Let x = 10 - 15. List the prime factors of f(x).
11
Let b(f) = -2*f**3 - 2*f**2 + 3*f + 2. Let w be b(-2). Suppose -w = 5*l - 69. List the prime factors of l.
13
Let d(t) = t**2 - 5*t - 1. Let x be d(4). Let o = x - -9. What are the prime factors of 78/o*12/18?
13
Suppose -354 = -2*t - 2*g, 0 = 5*t + 3*g - 446 - 437. What are the prime factors of t?
2, 11
Suppose 0 =